)).
-2
What is the value of (-14 - -8 - (-4 - 0)) + 6?
4
Calculate (6 - (-2 + 13)) + 7 + -5.
-3
Evaluate 9 + (3 - 2) - 5 - 4.
1
What is -4 - -5 - (-6 - -9)?
-2
(0 - -2) + (28 - 34)
-4
Calculate (1 - 2) + -1 + -1 + 4.
1
What is (0 - 0) + -6 + 3 + -2?
-5
3 + -2 - (1 + -2 - -2)
0
(2 - 7) + (2 - -1) + 6
4
What is 5 - (2 - (0 + -3))?
0
Evaluate 0 + 7 - ((-1 - -13) + -13).
8
Evaluate (0 - 3) + (-11 + 16 - -4).
6
1 - 1 - (6 - 1) - -9
4
What is the value of (-2 - 2) + (5 - 12) + 7?
-4
-5 - (-13 + 2 + 15)
-9
What is (30 - 33) + (-1 - -2) + 10?
8
Evaluate 15 - 11 - (-1 - 0).
5
What is the value of 2 + 0 - (-13 - -10)?
5
What is (4 - 4 - (1 - 1)) + 0?
0
(2 - 6) + (-3 - -6) + -3
-4
Evaluate (7 - 2) + (-5 - (0 + 5)).
-5
1 - (-9 - (-5 - -1)) - -1
7
What is (-3 - 1) + (1 - -5)?
2
What is the value of (4 - (2 - 7)) + -4?
5
Calculate -7 + 12 - (6 + -2 + 1).
0
Calculate -6 - ((-3 - -1) + (3 - 1)).
-6
What is the value of -31 + 34 + -1 + -5?
-3
Evaluate -4 + 6 - (0 + -1).
3
(-2 - 0) + 37 + -36
-1
What is 1 + -3 + (64 - 66)?
-4
Evaluate -1 + -1 - (-21 + 15).
4
Calculate -1 - -2 - (4 + -8).
5
What is 5 + (-5 - 1 - (1 - 4))?
2
What is 8 + -4 - 1 - -2?
5
What is (-1 - (-4 - -2)) + 2?
3
0 + 4 + -2 - (-1 - 2)
5
Calculate -2 + -2 + (0 - -11) + 0.
7
-42 + 45 - (-2 + 2)
3
9 - (-7 + (2 - -5) + 2)
7
What is the value of -13 - (-13 + 1 - -8)?
-9
Evaluate 5 + 0 + 0 + 3.
8
Calculate -3 - -1 - (-6 - -9).
-5
Evaluate (3 - 1) + (8 - (-14 + 18)).
6
Calculate 0 + -13 + 6 + 5.
-2
Evaluate 2 + -2 + -1 + 3 + 1.
3
Evaluate (0 - (5 - 3)) + 1 + -4.
-5
Evaluate (2 - 4) + (-1 - -5).
2
What is the value of 5 - (3 - -4 - 3) - -5?
6
What is 10 - -4 - (1 + 6)?
7
Evaluate 8 + -10 + (7 - 6).
-1
Evaluate 2 + 1 + (3 - -1) + -4.
3
What is 0 - 0 - (-1 - 0)?
1
Evaluate -3 - (0 - -5) - -3.
-5
What is 0 - 11 - (5 + -5 - 4)?
-7
What is the value of -7 + (-1 - -4) + -16 + 26?
6
-8 + 0 + 4 + -3
-7
What is (3 - 3 - -1) + (-1 - -1)?
1
(11 - 4 - 3) + (-7 - 2)
-5
15 + 0 - (31 + -24)
8
What is 0 - (-3 + 10) - -5?
-2
Evaluate -20 - -2 - -9 - -15.
6
1 + -7 - (2 - (7 + -2))
-3
What is (-3 - (0 + (-2 - -1))) + 8?
6
Calculate -1 + 3 - (12 - (4 + 3)).
-3
Calculate (-1 - (-2 + -1)) + 25 + -27.
0
What is 1 - 0 - (-5 + -6 + 8)?
4
Calculate 6 + (-7 - -4) + 5 + 3.
11
What is the value of -8 - (-3 + 0 + 2) - -2?
-5
What is -4 - ((7 - (-7 - -13)) + -3)?
-2
What is the value of 0 + -3 - (-9 - -2) - 1?
3
Evaluate -4 + 5 + 5 + -2.
4
Evaluate (-5 - (0 + -6)) + -5.
-4
What is the value of (-98 - -99) + (1 - 1) + -1?
0
(0 - -12) + (11 - 16)
7
Calculate 0 + (2 + (-2 - 1) - 3).
-4
Calculate 4 + (0 - (-2 - -6)) + 5.
5
Evaluate 3 + 0 + (-8 - -2 - -1).
-2
What is -6 - -1 - (-5 - -1) - 6?
-7
3 + -1 + -4 + -2
-4
Evaluate 0 + -5 + (-7 - -10).
-2
What is the value of -4 + 5 + 4 + -5?
0
What is 7 + (-1 - (-9 + 8))?
7
Evaluate -11 + 4 + (10 - 4).
-1
-2 + 1 + (1 - 1)
-1
What is the value of (-3 - (-12 - -2) - 9) + 10?
8
What is -16 - -17 - -12 - (6 - -1)?
6
What is (8 - (10 - 6)) + 1?
5
Calculate (3 - (3 - 0) - 1) + 4.
3
What is -3 - (1 + -13 + 4)?
5
What is -1 + (-1 - -4) + (3 - 3)?
2
7 + -1 + (14 - 17)
3
What is the value of -1 - -2 - -2 - (6 - 1)?
-2
Evaluate 0 - ((-2 - -2) + (6 - 1)).
-5
(-2 - -11) + (-3 - 4) - 5
-3
5 + (0 - 4) + -2
-1
What is (-1 - 1) + 4 + (3 - 3)?
2
-12 + 10 - (3 - 3)
-2
Calculate 7 + (-7 - -1 - 0).
1
Calculate -1 - (-2 - -6) - (-3 - -2).
-4
Evaluate (-4 - 4 - (1 + -3)) + 5.
-1
What is 9 + (-1 - -10) + -12?
6
What is the value of -8 - -14 - (2 + 1 + -2)?
5
(-3 + 5 - -4) + 0 + -2
4
Evaluate 17 + -10 + -2 - 1.
4
What is the value of -4 + 9 + -3 + -5?
-3
What is the value of -1 + 13 - (18 - (-14 - -25))?
5
Calculate -5 + 0 - (-29 + 25).
-1
What is -10 - -10 - (5 - 1)?
-4
Calculate (-4 - 1) + 4 - 0.
-1
(4 - -1) + -4 + -7 + 7
1
Evaluate -8 - ((2 - -2) + (-9 - -2)).
-5
Calculate -11 + (-10 - (-5 + -17)).
1
Calculate (-1 - -5) + -5 + 6 + -1.
4
Evaluate (-3 - (1 - 2)) + 6 + -6.
-2
What is the value of -8 + 12 + 4 + -12 + -6?
-10
Calculate 15 + 6 + (-22 - -4).
3
What is the value of (0 - (-1 + 0 + -2)) + 1?
4
Evaluate 7 + -1 + (-4 - -2) + 1.
5
What is the value of -27 - -14 - (-1 + -13)?
1
Calculate (-6 + 1 - -7) + 3.
5
What is -2 - 0 - (6 - 8 - -11)?
-11
What is the value of (-2 - -2) + (-1 - -6) + -5?
0
What is the value of 7 - (0 + -2 - -5)?
4
What is the value of -3 + 6 + -2 + -1 + -1?
-1
What is the value of -8 + 10 - (-2 + 2)?
2
What is 4 - (3 - 2) - (2 - -2)?
-1
What is -2 + 6 - (-11 - -20)?
-5
Evaluate 5 - (3 + 0 - (27 + -26)).
3
(4 - 7 - -8) + -4
1
Calculate (24 - 7) + -4 + -7.
6
What is the value of -6 + 0 + 3 - (-1 - 1)?
-1
Calculate 0 - (0 + (4 + -2 - -3)).
-5
What is (-20 - (22 + -39)) + -4 + 0?
-7
What is (-19 - -23) + 5 + -2?
7
Calculate -11 + (8 - (-7 - -10)).
-6
3 + -7 + 6 - 0
2
What is 252 + -259 - (-12 - -1)?
4
-4 + (7 - 0 - 3 - 3)
-3
7 - (-3 - (-5 - -9)) - 6
8
Evaluate -10 + -2 + (7 - -8).
3
Evaluate 48 - 44 - (0 - -6).
-2
What is 4 + -5 + 6 + -1?
4
Evaluate (5 - (4 + -2)) + (5 - 6).
2
What is the value of (1 - 0) + -3 + 0?
-2
-1 - (-3 - (-4 - -7))
5
What is (-4 + 8 - 7) + 6?
3
7 - (-6 + 8) - (7 + -1)
-1
Calculate 3 + 0 + 5 + -6 + -4.
-2
What is -3 + 3 - -4 - 0?
4
What is -1 + (1 - 7) + 5?
-2
Calculate (-7 - -3) + -5 + (-6 - -12).
-3
What is 3 - -4 - 4 - 5?
-2
What is -6 - ((0 - -2) + -7 - -2)?
-3
What is (-1 - -3) + 1 + (1 - 1)?
3
What is 2 + (-4 + (0 - -5) - 6)?
-3
Calculate 2 + 6 + -12 + 8 + 3.
7
Evaluate 1 + -3 + 0 - (4 + -1).
-5
What is 9 + -5 + (-2 - -5 - 3)?
4
Calculate -3 + -1 + -1 + 3.
-2
What is 8 - (6 + (5 - 5)) - -2?
4
What is the value of (5 - 10) + 4 + 2?
1
What is the value of (-5 + -3 + -2 - -5) + 6?
1
Calculate -3 - (3 + 0 + (7 - 8)).
-5
What is 5 + -19 + 6 + -2 - -2?
-8
What is the value of (1 - -3) + 2 + 0?
6
0 + 3 + -2 + -1 - 3
-3
(2 - (3 + -2)) + -3
-2
6 + -6 + 4 - 6
-2
What is the value of 1 + -6 + (-7 - -9)?
-3
3 + 5 + -2 + -11
-5
What is the value of 3 - (7 - (-6 + 7))?
-3
Evaluate (1 - 0) + -5 + 1 + -5.
-8
What is the value of (6 - 1 - (0 - -5)) + -5?
-5
What is 7 + (-7 - -4) + -1?
3
What is the value of -2 - (-8 + (7 - 2))?
1
What is the value of 13 + (-12 - 7) - -4?
-2
Calculate 2 + (-1 - -1 - 2).
0
(-4 - ((-1 - -2) + -1)) + 4
0
What is 1 - ((1 - -1) + -3 + 2)?
0
What is the value of (7 - -2 - 2) + -21 + 22?
8
0 + 5 + -9 - -4
0
Calculate -8 + (-6 - -9) + 0 + 5.
0
(3 - -1) + -3 + (6 - 6)
1
9 - (-5 - -28 - 8)
-6
What is (12 - 16) + (0 - 2 - -7)?
1
Evaluate (-7 - (-2 + -7)) + (0 - 0).
2
What is the value of (3 - (-3 - -8)) + -26 + 20?
-8
(-3 - -2) + (8 - 3)
4
Evaluate -3 - (-8 + 4 - (6 - 2)).
5
-10 - (-10 - (-5 + 2) - -4)
-7
Evaluate -2 + 4 + -3 + 12 + -5.
6
-1 + -4 + 13 - 9
-1
What is 5 - (9 + -5 + (0 - -6))?
-5
What is the value of 9 + 5 + -8 - 3 - 4?
-1
What is the value of (1 - -2) + -3 + -4?
-4
Calculate 6 + ((12 - 6) + -13 - 6).
-7
What is the value of -5 + -4 + 13 - 2?
2
Evaluate 1 - 2 - (-35 - -27).
7
What is the value of (16 - 15) + (-8 - -4)?
-3
-1 + 3 + (-14 - -15)
3
15 - 10 - (-2 - -5)
2
Evaluate 10 + (-16 - (-14 + -1)).
9
What is the value of 6 - 1 - (0 + 6 + -5)?
4
Calculate 12 + -2 - (4 - (1 + -2)).
5
Calculate -19 + 14 - (2 + 0 - 10).
3
What is the value of (3 + -4 - 2) + 3?
0
What is 5 - (-2 + 20 - 10)?
-3
Evaluate 5 - (0 + 4 + 1 + -1).
1
Calculate 5 + -6 - (-4 - 2).
5
What is the value of 1 + (1 - 0) + -4?
-2
0 + (2 - -2) + 13 + -16
1
What is the value of 11 - (6 + 3) - (-1 + 2)?
1
What is 15 + 5 + -17 + -7?
-4
Calculate -10 + -1 + (193 - 189).
-7
What is 4 - (7 + 6 + -6)?
-3
What is the value of 5 + -1 + (7 - 4 - 3)?
4
What is -4 - (11 - 10) - 2?
-7
-6 - (-5 + 3 + -2)
-2
9 + (-12 - 0) + 6
3
What is -2 - (-3 - ((8 - 3) + -10))?
-4
Evaluate 4 + (6 - 3) + -2.
5
What is the value of (10 - 4 - 12) + 5?
-1
-7 + (1 - 3 - 1 - -16)
6
What is -10 + 10 + 1 + -3 + 8?
6
3 + (-1 - -2) + -4
0
-11 - (2 - (0 + (5 - 1)))
-9
What is 9 - (-2 - (-2 + -10 + 5))?
4
Calculate -3 - (-3 - -1 - (2 + -1)).
0
What is the value of -3 + (2 - 0) - -2 - -2?
3
1 + 0 + -1 + -80 + 79
-1
Evaluate -1 + (2 - 5) + 4.
0
Evaluate 1 + 4 + 34 + -37.
2
Evaluate (1 - -3) + 3 + -9.
-2
10 + -5 + -5 - 0
0
Evaluate 4 - ((-2 - -2) + 5) - -3.
2
4 - (4 + 1 + -7)
6
What is -4 + 0 + 1 + (-18 - -26)?
5
Calculate (2 + -5 + 5 - 7) + 5.
0
What is (-3 - (-1 + 2)) + (0 - -3)?
-1
What is the value of -1 - -3 - 7 - 0?
-